0/(-5). Suppose 4*u - 4*i + 2*i - w = 0, -3*i - 69 = -4*u. What is the units digit of u?
1
Let p(x) = 5*x**2 - 13*x - 9. What is the hundreds digit of p(-9)?
5
Suppose 4*h - 52 = -m, -291 = -5*m - 2*h - 103. Let o = 89 - m. What is the units digit of o?
3
Suppose -3*x - 172 = -1243. What is the hundreds digit of x?
3
Suppose 5 = 2*c - 11. Let k = c + -4. Suppose 4*r = 20, k*r = g + 2*g - 25. What is the units digit of g?
5
Suppose 156*u + 2557 = 158*u - 3*a, 5*u - a = 6412. What is the hundreds digit of u?
2
Suppose -15584 = -19*j - 764. What is the hundreds digit of j?
7
Let p(z) = -37 + 59 - 3*z - 30. Suppose -2*l = 4*f + 16, -3*f + 4*l + 1 - 13 = 0. What is the units digit of p(f)?
4
Let v = -28 - -16. Let y = v + 9. Let a(z) = 2*z**2 - z + 4. What is the units digit of a(y)?
5
Let w(h) = 1 - 1 + 6*h + 16*h - 2. Let g be w(1). Let r = g - -22. What is the units digit of r?
2
Suppose 0 = p - 3 + 1. Let r(f) = -f**2 + 7*f - 10. Let i be r(5). Suppose -l + p = i, 0 = -6*v + 3*v - l + 17. What is the units digit of v?
5
Suppose 50*k - 3463 = 46*k + 5*h, -2589 = -3*k + h. What is the units digit of k?
2
Let b = 108 - 9. Let t = 39 + b. Let r = t - 91. What is the tens digit of r?
4
Suppose 512 = -3*t + 5*u, u + 832 = -5*t + 4*u. Let s = -97 - t. What is the tens digit of s?
6
What is the units digit of -1*(-120)/35*(-483)/(-6)?
6
Suppose 3 - 12 = -3*b. Let l be 1/(b/(-21)*-1). Suppose -4*t + l = z, 0 = -z - 0*t + 2*t + 25. What is the tens digit of z?
1
Let h(w) = w**2 - 4*w + 2. Let f(y) = 2*y**2 + 8*y + 3. Let v be f(-4). Let m be (v - 1) + (9 - 6). What is the units digit of h(m)?
7
Suppose 4*p = -0*p + 8. Suppose -p*t + 10 = 2. Suppose r - 5 = t*u, -2*r - 3*r - 4*u + 73 = 0. What is the units digit of r?
3
Let x be (234/4)/((-8)/(-16)). Suppose s = 4*s - x. Let c = s + -7. What is the tens digit of c?
3
Let u(a) = a**3 - 6*a**2 + 5*a + 3. Let i be u(5). Let t be 118/4 + i/(-6). Let g = -7 + t. What is the tens digit of g?
2
Let y(h) be the first derivative of 19*h**3/3 - h**2 - h + 2. Let r be y(-1). Suppose 2*w + r = -5*n + 2, 5*n = 5*w - 25. What is the units digit of w?
1
Let v(i) be the third derivative of -i**5/30 + 5*i**4/12 + i**3/6 + 3*i**2. Let m be v(7). Let g = -16 - m. What is the units digit of g?
1
Let j be (12/18)/(1/(-21)). Let u be (-282)/42 - (-4)/j. What is the units digit of 2/u - (-3180)/105?
0
What is the tens digit of (0 - -1) + -53 + 174?
2
Suppose 4*z - 9 = z. Suppose 5*v - 660 = -5*h, h + 7 + 377 = z*v. What is the hundreds digit of v?
1
Let x = -154 + 318. Let t = -94 + x. What is the tens digit of t?
7
Let m = -1365 + 2375. What is the thousands digit of m?
1
Let u(t) = 8*t - 31. Let l be u(9). Let i = 52 - l. What is the tens digit of i?
1
Suppose -8*p + 13*p = 375. Let d = -51 + p. What is the units digit of d?
4
Let v(b) = b**2 - b + 165. What is the tens digit of v(0)?
6
Let x(v) be the third derivative of -1/60*v**5 + 0*v + 11/24*v**4 + 7/3*v**3 + 0 - 8*v**2. What is the units digit of x(11)?
4
Suppose -6*q + 2*q = -292. What is the units digit of q?
3
Suppose -5*r + 1874 = 2*m - r, -2*r - 4745 = -5*m. What is the tens digit of m?
4
Let y = 486 - 465. What is the tens digit of y?
2
Let m(j) = 5 - 4*j - 2*j**3 + 7*j**2 + 10*j**3 - 8*j**2. What is the units digit of m(2)?
7
What is the hundreds digit of 4/(-14) - 10845/(-105)?
1
Let c(l) = -l**2 - 12*l + 5. Suppose 3*k + 0 = 12. Let j(w) = -w**2 - 11*w + 6. Let o(m) = k*j(m) - 3*c(m). What is the units digit of o(-6)?
1
Suppose -5*r - 2*u + 2600 = 0, -3*r - r = 5*u - 2063. What is the hundreds digit of r?
5
Suppose 0 = -2*f + 5*s - 10, 0 = -f + 6*f + 3*s - 37. Suppose -f*x = -6*x + 139. What is the tens digit of x?
3
Let m = 2623 + -1056. What is the thousands digit of m?
1
Let t be 2 - (-21)/6*2. Let r = t + -3. Suppose -s = -35 - r. What is the tens digit of s?
4
Suppose 0 = -20*w + 19*w + 2. What is the units digit of (-2)/w - (-44 - 3)?
6
Let r(n) = 20*n - 7. Let b be r(5). What is the tens digit of (-5)/((-20)/b)*(-32)/(-12)?
6
Let w(m) = 118*m**3 - 3*m**2 + 4*m - 9. What is the units digit of w(2)?
1
Let u = 164 + 527. What is the hundreds digit of u?
6
Let n(y) = y**3 - y**2 + 12. Let t be n(0). Suppose -5*r = -22 + t. What is the units digit of r?
2
Let i be (-6)/8 - (-315)/(-28). Let p be (-7 + 0)*i/14. What is the units digit of (-17)/(-3) + p/(-9)?
5
Let r(d) = -536*d**3 - 2*d**2 - d + 4. What is the hundreds digit of r(-2)?
2
Suppose 5*o + f - 5*f = -20, 5*f - 25 = -o. Suppose -2*p + o*p = -548. What is the units digit of p?
4
Let g(f) = -3*f**2 + 82*f - 22. What is the tens digit of g(10)?
9
Suppose 2*o = -2*z + 1036, -3*z - 10*o + 6*o + 1550 = 0. What is the hundreds digit of z?
5
Let o(s) = -s - 4*s - 2 + 6*s**2 + 9*s**2 - 14*s**2. Let y be o(5). What is the tens digit of (5 + y)*(2 - -9)?
3
Let v = 0 + 2. Suppose 0 = v*g + g - 3*w - 645, -2*g + 5*w + 442 = 0. What is the units digit of g?
1
Suppose 2*n + 3*i = 2149, 41*n + i = 43*n - 2161. What is the thousands digit of n?
1
What is the tens digit of (29655/5)/3*(-2)/(-6)?
5
Suppose -2*b - 23 + 5 = 0. Let h = 40 + b. What is the tens digit of h?
3
Suppose -2*u + 972 = -3*u. What is the tens digit of (u/15)/(-1) - (-2)/10?
6
Suppose 26*u - 24*u - 446 = 0. What is the tens digit of u?
2
Suppose 16 = 2*d + 2*d. Let z be 2*((-70)/d)/(-7). Suppose -30 = -z*u + 4*q + 11, 5*q = -u + 14. What is the units digit of u?
9
What is the tens digit of 3811/5 - (-7)/(-35)?
6
Suppose -14*m - 5*j = -15*m + 3550, 4*m - j = 14238. What is the thousands digit of m?
3
Suppose -2*a + 14 = -s, -16 = -3*a - a - 4*s. Suppose 0 = k - 29 + a. Let u = 39 - k. What is the tens digit of u?
1
Let b be (3/(-2))/((-9)/36). Suppose -b*i = -i - 95. What is the units digit of i?
9
What is the tens digit of 17/(289/25092) - (3 - -1)?
7
Suppose y + 2 = 6. Suppose 0 = 5*h - y - 11. What is the units digit of h?
3
Let f(n) = 6*n**3 - 5*n**2 - 23*n + 13. What is the tens digit of f(6)?
9
Suppose -2*g = -3*g + s + 3, -3*s = 3*g + 15. Let r(i) = 1. Let h(b) = 14*b**2 - 2*b - 8. Let m(x) = h(x) + 6*r(x). What is the units digit of m(g)?
4
Suppose 4*r - 3*f - 4501 + 866 = 0, -3*r + 5*f + 2718 = 0. What is the units digit of r?
1
Let j = 407 + 6. What is the tens digit of j?
1
Let j(p) = 4*p**2 + 2*p + 2. Let u be j(-1). Suppose -7 + u = -k. Suppose z + 5*o - 19 = 0, 57 = k*z - o - 4*o. What is the units digit of z?
9
Let q = 2271 - 638. What is the units digit of q?
3
What is the tens digit of (-3 - -3) + 4 - 1310/(-10)?
3
What is the tens digit of (179 - 26)/(1/3)?
5
Suppose -2*q = 5*b + 5 - 46, 55 = 5*q + 3*b. What is the hundreds digit of (-1052)/(-7) - (-2)/(-56)*q?
1
Let f(h) = 20*h - 4. Let s be f(-4). Let u = s - -180. Let i = u + -60. What is the tens digit of i?
3
Let y be 124 + ((-20)/4 - -14). Let o = -168 + 370. Let a = o - y. What is the tens digit of a?
6
Let v be ((-1)/(-1) - 1)/(-2). Suppose v*r = 3*r - 90. What is the tens digit of 1*r - (1 - -2)?
2
Let k = -3 - -6. Suppose -2*f - t = -k, f - 2*t - 6 = 2*t. Suppose j - 3*y - 4 = 37, 3*j - 88 = f*y. What is the units digit of j?
6
Let n(m) = -m**3 - 2*m**2 - 2*m - 3. Let v be n(-3). Suppose 2*z - v*z + 500 = 0. What is the units digit of z?
0
Let w be 4/1*21/(-14). Let n = w + 11. Suppose 17 = n*y - 18. What is the units digit of y?
7
Suppose -18*s = -3*s + 135. Let x(b) = -b**3 - 8*b**2 - 4*b + 3. What is the tens digit of x(s)?
2
What is the thousands digit of (8/(-6) + 6/6)*-3027?
1
Let i = 11 + -17. Let g(c) = -7*c - 6. What is the tens digit of g(i)?
3
Let t(b) = b**2 - 4*b - 2. Suppose 15 = 2*g + 1. Suppose -g - 28 = -5*k. What is the units digit of t(k)?
9
Let y be (2 - 7*-2) + 2. Let b be (1/(-2))/((-3)/y). Suppose w = -b*i, -2*i + 6 + 14 = 2*w. What is the units digit of w?
5
Suppose 3*y = -y + 180. Let h = y - 16. What is the tens digit of h?
2
Let r(p) = p - 3. Suppose -2*h = 4, -2*h - 36 = -4*z + 2*h. Let v be r(z). Suppose 0 = 2*f + v*o - 114, 2*f - 3*o - 261 = -2*f. What is the tens digit of f?
6
Suppose -2*x + 2*j + 330 = 0, -5*x + 833 = 2*j - 5*j. What is the units digit of x?
9
Let n be (-10)/(-12)*(14 - (11 + -3)). Suppose 0 = 2*j + 2*c - 454, -6*j + 2*j + n*c = -926. What is the hundreds digit of j?
2
Let i = -115 - -191. Suppose -110 = -3*h + i. Supp